) + 6*z(l). Give m(4).
-31
Suppose -2*i + 4 = -0*i. Suppose 3*y = -2*y + 3*x - 29, -3*y - i*x = 25. Let g = y - -4. Let k(c) = -c**3 - 2*c**2 - 4. Calculate k(g).
5
Let y(c) = -9*c - 65. Let p be y(-7). Let m(h) = 3*h**2 - 2 - h**2 + 2*h**2 - 3*h + 3*h**3 - 3*h**2. Calculate m(p).
-16
Let u(w) = w. Let r(k) = k**3 + 6*k + 2. Let o(m) = r(m) - 6*u(m). Let b = -3 - -3. What is o(b)?
2
Let t(y) = 7*y**3 - y**2 - 4*y + 10. Let r(x) = -5*x**3 + 2*x**2 + 4*x - 9. Let o(s) = 4*r(s) + 3*t(s). Calculate o(-3).
0
Let u(h) = h**3 + 6*h**2 + 4*h + 1. Let z(j) = -j + 6. Let n be z(4). Suppose -f = n*q + 14, 4*q + 3*f = -0*f - 32. Let y = 0 + q. Calculate u(y).
6
Let x(u) = u**3 - u**2 + u - 5. Let l = -165 + 168. What is x(l)?
16
Let a(l) = -l**2 - 8*l - 1. Suppose -2*g + 0*g + 20 = 5*j, 5*g + j = 27. Suppose -5*m = -g*u + 20, 2*m - 5*u = -2*u - 6. Determine a(m).
11
Let d be (70/(-25))/(4/(-10)). Let r = 12 - d. Suppose -2*q + y = q - 17, -5*q - r*y + 15 = 0. Let x(s) = 3*s - 7. Determine x(q).
8
Let d be (-50)/(-40)*(-12)/3. Suppose 4*j + 4 = -2*s, s + 3*j - 2*j = 0. Let o(q) = -1 + 8 + 0 + s*q. What is o(d)?
-3
Let g(d) = 11*d**3 + 14*d**2 - 3*d + 4. Let j(t) = 24*t**3 + 31*t**2 - 7*t + 9. Let x(s) = -9*g(s) + 4*j(s). Give x(-2).
18
Let g(n) = 3*n + 6. Let o(f) = -f**3 - 7*f**2 - 7*f - 11. Let t = -24 - -18. Let x be o(t). Give g(x).
-9
Let x = -35 - -37. Let u(o) = 4*o**2 - 2*o - 2. What is u(x)?
10
Let c(k) = k**3 - 10*k**2 - 12*k + 14. Let d be c(11). Suppose d*q - 16 = 7*q. Let m = q + 0. Let p(y) = -y - 5. Give p(m).
-1
Let i(h) = h**3 - 4*h**2 + 5*h - 3. Suppose -4 - 4 = -2*y, -2*v = 3*y - 48. Suppose -2*o - 12 = -v. Suppose -o = -0*f - f. Give i(f).
3
Let y be 1/(-2)*2/(-1). Let i(k) be the first derivative of k**7/140 - k**5/60 + k**4/24 + 5*k**3 + 20. Let j(f) be the third derivative of i(f). What is j(y)?
5
Let h(l) = -l**2 + l + 5. Let c = -711 - -718. Give h(c).
-37
Let t(h) = -9*h - 54 - h**2 + 0*h**2 - 56 + 111. Let b be (0 - (-11 + 2))*-1. What is t(b)?
1
Let i(a) = -a**2 + 5*a + 2. Suppose 0 = 3*y + 3*b - 15, 6*b - 2*b - 4 = 0. What is i(y)?
6
Let h(m) = m**3 - 5*m**2 + 2*m + 2. Let r(b) = -b**3 + 6*b**2 + 2*b - 7. Let q be r(6). Calculate h(q).
12
Let o be -26 + (4 - (3 + -3)). Let h = o - -21. Let a(z) = -11*z**3 + 2*z + 1. Give a(h).
10
Let r(w) = w**3 - 7*w**2 + 7*w. Suppose 4*n - 5*n = -2*u + 34, 0 = -5*n + 3*u - 149. Let f = n + 34. Calculate r(f).
6
Let w = 2 - 2. Suppose w = -s - s + 6. Let o(p) = -4*p**3 + 4*p**2 - 2*p + 4. Let g(x) = 5*x**3 - 4*x**2 + 3*x - 4. Let a(y) = -3*g(y) - 4*o(y). What is a(s)?
-16
Let r(u) = 2*u**2 - 2*u - 4*u**2 - 8 + 2*u**3 - 5*u**2 + 2*u**3 - 5*u**3. Calculate r(-7).
6
Suppose 3*o = -3*m - 24, 2*o + 11 = -5*m - 14. Let b(h) = 4*h**2 - 8*h - 14. Let r(q) = 5*q**2 - 9*q - 16. Let v(p) = -6*b(p) + 5*r(p). Give v(o).
14
Let t(f) be the second derivative of 7*f**3/3 - f**2/2 - 83*f. Give t(-3).
-43
Let x = 3 + -19. Let w be 8/x - 43/(-2). Let a(c) = -18 + 0*c**2 + w + c**3 - 4*c**2. Give a(4).
3
Let d(x) = -x**3 - 13*x**2 + x + 18. Suppose 128*i = 125*i - 39. Determine d(i).
5
Let h(f) = -5*f + 8. Suppose 112*c - 109*c = 5*m + 16, -8 = -c - m. Give h(c).
-27
Let u = 21 - 22. Let g(i) = 8*i**2 + 6*i + 1. Let y(a) = -a**2 - 1. Let b(h) = u*g(h) - 6*y(h). Determine b(-5).
-15
Let d(q) = q - 18. Let c = 190 - 272. Let f = c - -82. What is d(f)?
-18
Let y(c) = c**2 - 14*c - 10. Let q(t) = -39*t + 93. Let z be q(2). What is y(z)?
5
Let k(b) be the third derivative of b**9/60480 - b**8/20160 - b**7/2520 + b**6/720 + b**5/6 - 6*b**2. Let h(m) be the third derivative of k(m). Give h(2).
1
Let w(l) be the third derivative of -l**4/24 + 7*l**3/6 + 2*l**2 + 27*l. What is w(5)?
2
Let h(g) = -4*g**2 + g - g**2 + 10 + 6*g**2. Let c be ((3 + -1 - 33) + -1)/1. Let p = -32 - c. Calculate h(p).
10
Suppose -2*i + 3 = 3*b, 4*i + 0 = -b - 9. Let g(m) be the third derivative of -m**4/24 + m**3/6 + 23*m**2. What is g(i)?
4
Suppose 3*x = -5*z + 13, -5*z - 25 = -10*z. Let r(t) be the third derivative of 1/6*t**3 + 1/24*t**4 + 0*t + 0 + 4*t**2. What is r(x)?
-3
Let b(z) = 7*z - 9. Let v(u) = 37*u - 46. Let j(i) = -11*b(i) + 2*v(i). Give j(5).
-8
Suppose 0 = -17*h + 25*h. Let i(w) be the second derivative of 3*w**2 - 1/6*w**3 + h + w. Give i(3).
3
Let p be (-5)/((-35)/10 - -3). Let d(k) = -k**3 + 5*k**2 + 5*k - 5. Let h be d(6). Let w = p + h. Let x(u) = -2*u + 1. Determine x(w).
3
Let l = 1026 + -1015. Let c(t) = t**3 - 9*t**2 - 23*t + 11. What is c(l)?
0
Suppose 3*w - 3*l = 2*w + 1, -2*w + 5*l = -1. Let a(s) = 5*s - 1. Give a(w).
-11
Let t(y) = -y**3 - 5*y**2 + 10*y - 5. Let l = -51 - -56. Let r(s) = -s**3 - 4*s**2 + 9*s - 4. Let j(p) = l*t(p) - 6*r(p). Give j(3).
5
Let v = -51 + 42. Let i = -14 - v. Let t(d) = 4*d - 2 - 3*d + 3*d + d**2. What is t(i)?
3
Let r(l) be the third derivative of -l**6/120 + l**5/30 + l**3/6 + l**2. Let h(m) = -10*m + 1. Let c be h(-1). Suppose -4*s + 1 = -c. What is r(s)?
-8
Suppose -18 = -0*w - 6*w. Let u(j) = -2*j**2 + 2*j - 4. Determine u(w).
-16
Let q(y) = 13*y - 21. Let p = 1609 - 1607. Calculate q(p).
5
Let k(d) = -9*d**2 + 2*d + 2. Suppose -3*x = -17 + 14. Let h(v) = v**2 - v - 1. Let y(c) = x*k(c) + h(c). Let b = -1 - 0. Calculate y(b).
-8
Let j(q) be the first derivative of 1/2*q**2 - 2*q - 1/2*q**4 - 1 + 2/3*q**3. Let i(p) = -p + 11. Let m be i(9). Give j(m).
-8
Let c(d) = 4*d**2 - 1. Let i be c(1). Suppose 5*t = -i*t. Suppose 4*o - 37 = 3*b, t = 2*o - 6 - 2. Let n(m) = m**2 + 6*m - 6. Calculate n(b).
1
Let m be 1*4/(8/(-6)). Let b(w) = w**3 + 5*w**2 + 6*w - 4. Let h be b(m). Let f(s) = s**2 + 4*s - 3. What is f(h)?
-3
Let z(k) be the second derivative of k**5/20 - k**4/3 - 5*k**3/6 - 14*k. Let l = 21 - 36. Let j be 2/5 + (-69)/l. What is z(j)?
0
Suppose -3*c + 12 = 3*c. Let i(r) = 15*r**2 - r - 16*r**c - 4 + 11. Determine i(0).
7
Let r(s) = -14 + 7 - 8*s - s - 26*s**2 + 27*s**2. Let j be r(10). Let v(a) = -a**3 + 2*a**2 - a + 2. What is v(j)?
-10
Let u(b) be the third derivative of 0*b + 0 + 1/8*b**4 - 1/3*b**3 - 20*b**2. Calculate u(5).
13
Let c = 0 - -3. Let x = c + -10. Let b(l) = 50064*l**3 - 50065*l**3 + 4*l - 5*l - 3 - 7*l**2. Determine b(x).
4
Let w(u) = -u**2 - 15*u - 43. Suppose 59 = -5*o - 2*a, 22 = -o + 10*a - 7*a. Calculate w(o).
-17
Let o(l) = -l**2 + l + 1. Let g be (0 + 4 - 6) + 5. Suppose d = 6 - g. Calculate o(d).
-5
Let q be (-2 - 0 - 1)/(-1). Let b(g) be the first derivative of 11 + 1/4*g**4 - 3/2*g**2 - q*g - 1/3*g**3. Determine b(3).
6
Let z be 3 - 4 - 1/1*5. Let j(x) = x**3 + 78*x - 4*x**2 + 9*x**2 - 85*x. Give j(z).
6
Let a be (-14)/(-49) - 173/(-7). Let w = a + -20. Let u(t) = -w + 4*t - 4*t - 3*t**2 + 6 + 2*t. Calculate u(-1).
-4
Suppose 0 = -3*q - 5*v - 2 - 41, q = -5*v - 31. Let t be q/4 - 5/(-10). Let x(i) = 1 + 6 - 8 + 8*i. Give x(t).
-9
Let w be ((-2 - -4)/(-2))/(240/720). Let u(x) = 2*x**3 + 4*x**2 - x. Give u(w).
-15
Suppose 66 = 40*z - 254. Let j(o) = o**3 - 8*o**2 - 6*o + 2. Give j(z).
-46
Let a(n) = -17 - 4*n**2 + 9 - 2 - 2*n - 2*n**2 + 7*n**2. What is a(6)?
14
Let z(j) = j**2 + 14*j + 17. Let b be z(-9). Let u be 12/7 - 8/b. Let g(l) = 11*l**2 - l**u + l - 2*l**2 - 1. What is g(1)?
8
Let s(r) = 7*r**2 + 7*r + 3. Let h(i) = -11*i**2 - 11*i - 5. Let m(v) = -5*h(v) - 8*s(v). Determine m(4).
-19
Let h(d) = -d**3 - 4*d**2 + 4*d - 3. Let c be (7 + -14)/((-2)/4). Suppose 3*b - 13 = 2*k, 0 = 5*k + 5*b + 6 + c. What is h(k)?
2
Let y be ((-13)/3 + 3)/(16/216). Let k(j) = j**3 + 18*j**2 + j + 22. What is k(y)?
4
Let y(i) = 3*i + 34 - 2*i - 3*i - 73 + 26. What is y(-7)?
1
Let q(g) be the first derivative of -9 - 3*g - 1/3*g**3 + 3*g**2. Give q(4).
5
Let b(y) be the third derivative of 0*y + 0 - 3*y**2 + 1/24*y**4 + 1/2*y**3. Give b(-7).
-4
Let o = 104 + -108. Let w(b) = b**2 + 3*b - 5. What is w(o)?
-1
Let f(l) = -17*l - 3*l**2 + l**3 + 1 + 2*l + 12*l + 1. Calculate f(4).
6
Let j(q) = 2*q - 1. Suppose -29 - 13 = 7*v. Let p be v/((-7)/((-14)/3)). Give j(p).
-9
Let v = -34 + 35. Let k(i) = -v + 0 + 0*i**2 - 3*i**2 + 0*i**2 + i. Give k(-2).
-15
Let z be 6*(1 - (-4)/8). Let h(u) = -5*u**2 - 2*u - u**3 + u**2 - z + 5. Calculate h(-3).
-7
Let t(b) be the third derivative of b**5/60 - 7*b**4/24 - 4*b**3/3 + 6*b**2. Let q be (-564)/(-84) - 2*(-4)/28. Determine t(q).
-8
L